7100 is divided by 51.
15
What is the remainder when 3951 is divided by 26?
25
Calculate the remainder when 50581 is divided by 1233.
28
What is the remainder when 82045 is divided by 15?
10
Calculate the remainder when 7147 is divided by 130.
127
Calculate the remainder when 16205 is divided by 295.
275
Calculate the remainder when 8427 is divided by 2802.
21
Calculate the remainder when 949 is divided by 917.
32
What is the remainder when 20747 is divided by 253?
1
What is the remainder when 209780 is divided by 14984?
4
Calculate the remainder when 3495 is divided by 72.
39
What is the remainder when 53660 is divided by 142?
126
Calculate the remainder when 22151 is divided by 116.
111
Calculate the remainder when 2145 is divided by 496.
161
Calculate the remainder when 16658 is divided by 245.
243
Calculate the remainder when 657813 is divided by 109.
107
Calculate the remainder when 949 is divided by 29.
21
Calculate the remainder when 587757 is divided by 372.
369
What is the remainder when 3895 is divided by 93?
82
What is the remainder when 2570 is divided by 627?
62
Calculate the remainder when 112873 is divided by 43.
41
What is the remainder when 1657239 is divided by 5?
4
What is the remainder when 24454 is divided by 139?
129
What is the remainder when 69232 is divided by 305?
302
Calculate the remainder when 4477 is divided by 29.
11
What is the remainder when 1472 is divided by 350?
72
Calculate the remainder when 2242 is divided by 670.
232
What is the remainder when 6851 is divided by 78?
65
Calculate the remainder when 17738 is divided by 5906.
20
Calculate the remainder when 10690 is divided by 290.
250
What is the remainder when 1451 is divided by 354?
35
Calculate the remainder when 1558 is divided by 4.
2
Calculate the remainder when 1508648 is divided by 183.
179
Calculate the remainder when 1127 is divided by 1094.
33
What is the remainder when 73003 is divided by 10421?
56
What is the remainder when 115382 is divided by 57689?
4
What is the remainder when 862549 is divided by 72?
61
Calculate the remainder when 9852527 is divided by 1176.
1175
What is the remainder when 195128 is divided by 110?
98
Calculate the remainder when 1178 is divided by 587.
4
What is the remainder when 3646 is divided by 41?
38
What is the remainder when 18748 is divided by 31?
24
Calculate the remainder when 10694 is divided by 81.
2
Calculate the remainder when 1906404 is divided by 1166.
1160
Calculate the remainder when 89260 is divided by 27.
25
Calculate the remainder when 137071 is divided by 219.
196
Calculate the remainder when 383997 is divided by 20.
17
Calculate the remainder when 37380 is divided by 12260.
600
Calculate the remainder when 276779 is divided by 253.
250
Calculate the remainder when 6819 is divided by 377.
33
Calculate the remainder when 35461 is divided by 138.
133
Calculate the remainder when 37185 is divided by 33.
27
What is the remainder when 319070 is divided by 42?
38
Calculate the remainder when 121892 is divided by 28.
8
What is the remainder when 2060 is divided by 477?
152
Calculate the remainder when 782 is divided by 555.
227
What is the remainder when 1837 is divided by 138?
43
What is the remainder when 69834 is divided by 15?
9
What is the remainder when 195701 is divided by 1112?
1101
Calculate the remainder when 2138 is divided by 303.
17
Calculate the remainder when 115858 is divided by 37.
11
Calculate the remainder when 21954 is divided by 86.
24
Calculate the remainder when 1000357 is divided by 20.
17
What is the remainder when 27975 is divided by 1185?
720
Calculate the remainder when 2489 is divided by 239.
99
What is the remainder when 36362 is divided by 506?
436
What is the remainder when 70395 is divided by 29?
12
What is the remainder when 25622 is divided by 5?
2
Calculate the remainder when 24898 is divided by 1171.
307
Calculate the remainder when 1992 is divided by 619.
135
Calculate the remainder when 16653 is divided by 24.
21
Calculate the remainder when 846 is divided by 72.
54
What is the remainder when 64130 is divided by 28?
10
Calculate the remainder when 2655355 is divided by 769.
767
What is the remainder when 81692 is divided by 32?
28
What is the remainder when 13687 is divided by 15?
7
Calculate the remainder when 355 is divided by 78.
43
Calculate the remainder when 8430 is divided by 1227.
1068
What is the remainder when 9235 is divided by 128?
19
What is the remainder when 239857 is divided by 2579?
10
What is the remainder when 1392821 is divided by 1137?
1133
What is the remainder when 3899 is divided by 144?
11
What is the remainder when 18487 is divided by 130?
27
What is the remainder when 6114 is divided by 5283?
831
Calculate the remainder when 1511 is divided by 214.
13
Calculate the remainder when 40621 is divided by 437.
417
Calculate the remainder when 507 is divided by 217.
73
What is the remainder when 3823 is divided by 36?
7
Calculate the remainder when 231849 is divided by 1288.
9
Calculate the remainder when 99972 is divided by 43.
40
What is the remainder when 5353 is divided by 14?
5
What is the remainder when 22684 is divided by 4534?
14
What is the remainder when 4836 is divided by 596?
68
What is the remainder when 1693 is divided by 988?
705
Calculate the remainder when 1262 is divided by 1237.
25
Calculate the remainder when 78477 is divided by 81.
69
Calculate the remainder when 75552 is divided by 365.
362
What is the remainder when 544467 is divided by 24?
3
Calculate the remainder when 59308 is divided by 1119.
1
What is the remainder when 19755 is divided by 54?
45
Calculate the remainder when 72232 is divided by 6019.
4
Calculate the remainder when 3941 is divided by 106.
19
Calculate the remainder when 4668 is divided by 6.
0
What is the remainder when 707260 is divided by 230?
10
Calculate the remainder when 25159 is divided by 6289.
3
What is the remainder when 22714 is divided by 48?
10
Calculate the remainder when 21396 is divided by 99.
12
Calculate the remainder when 46203 is divided by 102.
99
What is the remainder when 1112866 is divided by 342?
340
Calculate the remainder when 7644 is divided by 331.
31
What is the remainder when 560531 is divided by 66?
59
What is the remainder when 22808 is divided by 100?
8
What is the remainder when 496 is divided by 138?
82
What is the remainder when 8652 is divided by 54?
12
Calculate the remainder when 4684 is divided by 928.
44
What is the remainder when 48243 is divided by 372?
255
Calculate the remainder when 3009 is divided by 204.
153
Calculate the remainder when 1308637 is divided by 1527.
1525
Calculate the remainder when 79313 is divided by 625.
563
What is the remainder when 14278 is divided by 713?
18
What is the remainder when 725 is divided by 76?
41
What is the remainder when 3264 is divided by 711?
420
What is the remainder when 403520 is divided by 3843?
5
What is the remainder when 15758 is divided by 65?
28
What is the remainder when 5920 is divided by 9?
7
Calculate the remainder when 26802 is divided by 394.
10
What is the remainder when 4876 is divided by 349?
339
What is the remainder when 6051 is divided by 3021?
9
What is the remainder when 7053369 is divided by 95?
94
Calculate the remainder when 61381 is divided by 156.
73
What is the remainder when 1015308 is divided by 121?
118
Calculate the remainder when 8338 is divided by 1936.
594
Calculate the remainder when 99 is divided by 3.
0
Calculate the remainder when 8035 is divided by 29.
2
What is the remainder when 68062 is divided by 28?
22
What is the remainder when 139414 is divided by 101?
34
What is the remainder when 19282 is divided by 6404?
70
Calculate the remainder when 174212 is divided by 13.
12
Calculate the remainder when 2686 is divided by 298.
4
Calculate the remainder when 770928 is divided by 27.
24
What is the remainder when 11451 is divided by 5349?
753
Calculate the remainder when 851 is divided by 360.
131
What is the remainder when 17398 is divided by 16006?
1392
Calculate the remainder when 881 is divided by 431.
19
What is the remainder when 66884 is divided by 4775?
34
What is the remainder when 80909 is divided by 18?
17
Calculate the remainder when 156619 is divided by 2034.
1
Ca